n + 18. Suppose 4*t + p = 29. Suppose 2 = 3*m + 4*q + t, 4*m + q = 9. What is the highest common divisor of m and 15?
3
Suppose 10*f + 8*f - 2700 = 0. What is the greatest common divisor of f and 2850?
150
Suppose 4*h + 17 = 4*b + 7*h, 3*h = 3*b - 39. Let t be (-3 - -5)/((-1)/(-2)). Suppose 6*n - 112 = t*n. Calculate the greatest common factor of n and b.
8
Suppose -9*v = 123 - 141. Suppose 2*o - o = -3*y + 10, 0 = o + 5*y - 16. Let q be (-6)/(-2) + -1 + o. Calculate the highest common divisor of v and q.
1
Let j be (-6)/(-4) - -1 - 2/4. Suppose 5*m = 2*x - 29, -2 = -x - 5*m + 5. Suppose 3*p = x, p = -j*z + 49 - 15. What is the highest common factor of 5 and z?
5
Suppose -4*z + 235 = -17. Let u be (-11)/(66/(-28))*9. Calculate the highest common factor of z and u.
21
Let o be (1 + -11)/((-1)/4). Let c(x) = -x + 23. Let s = 9 + 6. Let l be c(s). What is the greatest common divisor of l and o?
8
Suppose 104 = 9*b - 1525. Suppose -8*w + 27 = -b. What is the highest common divisor of w and 39?
13
Let n = -2 - -12. What is the highest common divisor of 50 and n?
10
Suppose -8 = -x - 5*b - 0, 40 = 2*x + 4*b. Suppose 0*d = 24*d - 1440. Let k = d - x. What is the greatest common divisor of k and 80?
16
Let u = -10 + 14. Suppose 0*r + 20 = u*r. Suppose 20 = h - r*z - 65, 57 = h + 2*z. Calculate the highest common factor of 13 and h.
13
Suppose -7*c - c + 16 = 0. Suppose -2 = -c*j, -4*v - 6 = -7*v + 3*j. What is the greatest common divisor of 3 and v?
3
Suppose 16 + 4 = 5*a. Suppose -2*g = -4*h - 122, 8*h - 3*h + 241 = a*g. Let i = -41 + g. What is the highest common divisor of 144 and i?
18
Suppose -4*h = -3*h + 14. Let l be (-1 + 3)*(-1 + h/(-4)). Calculate the highest common divisor of l and 1.
1
Let i = 71 + -67. Suppose i*c = -q - 3*q + 24, 0 = -c + 5*q + 18. Calculate the highest common divisor of c and 72.
8
Let q be ((-7)/(805/207))/((-3)/20). What is the greatest common factor of q and 11?
1
Let w be 7/(21/45) - 10/(-2). What is the greatest common factor of w and 2540?
20
Let s(d) = -3*d + 80. Let o be s(22). What is the greatest common factor of 56 and o?
14
Suppose 12*c - c = 0. Let p be (-10 + c)/5 - -17. Calculate the highest common factor of 30 and p.
15
Suppose 2*p - 5*p = -d - 2306, -d + 3084 = 4*p. Calculate the greatest common divisor of p and 210.
70
Suppose 27*b - 23*b - 100 = 0. Calculate the greatest common factor of 15 and b.
5
Let l be (-11680)/208 - 4/(-26). Let o = l + 65. Calculate the highest common divisor of 27 and o.
9
Let z = -154 + 297. Let i be (2/3)/(2/39). Calculate the greatest common factor of i and z.
13
Let y be ((-69)/(-9))/((-2)/(-6)). Calculate the greatest common factor of y and 667.
23
Suppose -18*t + 22 + 626 = 0. What is the greatest common factor of 96 and t?
12
Let j be ((-16)/20)/((-4)/10). Suppose -4*o + 19 - 5 = -j*b, o + 3*b = 7. Suppose -60 = -o*k + k. Calculate the highest common factor of 8 and k.
4
Let t(d) = 2*d**2 - 47*d + 34. Let l be t(23). Suppose 2*p = 3*p - 28. Let q = -17 + p. What is the greatest common divisor of l and q?
11
Let t(d) = 3 + d**2 - 9*d + 2 - 3 + 3. Let u be t(8). Let g be u + -1*(1 + -25). Calculate the highest common factor of 21 and g.
21
Suppose 4*n - 9 = 3. Suppose -2*r = -5*h - 918 + 340, -833 = -n*r - h. What is the highest common divisor of r and 31?
31
Suppose 2*z - 41 - 9 = -5*d, 5*d - z = 65. Suppose 4*t + 4*l - 260 = t, -4*t + 4*l + 384 = 0. Let v = t - 62. What is the highest common divisor of v and d?
6
Let r = 65 + -50. Let h be 90*(3/(-2))/(-3). What is the greatest common divisor of r and h?
15
Let v be 30/(-40) - ((-726)/8 + -1). What is the highest common divisor of 49 and v?
7
Let g = 767 + -676. What is the greatest common divisor of g and 2093?
91
Let t = 351 - 333. What is the greatest common factor of t and 306?
18
Suppose -v = -3*p + 12, 4*v + 0*v = p - 4. Suppose b + l = -0*b + 1, -p*b - 3*l + 5 = 0. Let j = -5395 + 5417. What is the highest common divisor of b and j?
2
Let b be (-257)/2*-2 - (7 - 5). Calculate the greatest common factor of 90 and b.
15
Suppose 0 = -5*t - 157 + 322. Calculate the highest common divisor of 649 and t.
11
Suppose 2*f + 56 = 62. Let o be (-2 + f)*147*1. What is the greatest common divisor of o and 21?
21
Suppose 0 = 25*p - 6360 - 22140. What is the highest common divisor of 15 and p?
15
Let v(m) = m**2 - 5*m + 2. Let y be v(5). Suppose -y*q - 3*t + 6 = -2*t, -12 = -5*q - t. What is the greatest common divisor of q and 18?
2
Suppose 2439 = 15*z + 9. What is the greatest common divisor of z and 6?
6
Let k be (48/(-56))/((-2)/28). Calculate the highest common factor of k and 222.
6
Let k(h) = h + 12. Let z be k(-6). Let q = 242 + -176. What is the highest common divisor of z and q?
6
Suppose -105 = -5*o - 4*g, -2*g + 4*g - 61 = -3*o. Suppose -5*n = -4*v - 2*n + 748, -v = -4*n - 187. What is the highest common divisor of o and v?
17
Suppose 0 = 2*f + 3*m - 163, -4*f = 4*m - 265 - 51. Suppose f + 142 = 6*k. What is the greatest common divisor of k and 90?
18
Suppose -2*p - 3*t + 1999 = 0, 5*t - 371 - 625 = -p. What is the greatest common divisor of 273 and p?
91
Let n be 4992/224 + 4/(-14). Calculate the highest common factor of 616 and n.
22
Let z = 195 + 93. Calculate the greatest common factor of z and 9.
9
Let v = -125 + 250. Suppose -67 = -4*c + 133. What is the greatest common divisor of c and v?
25
Let x(j) = -3*j**2 + 3*j - 2*j**2 - 4*j + 6*j**2. Let v = 11 + -14. Let y be x(v). Calculate the greatest common factor of 4 and y.
4
Suppose 5 = 5*m, -48 = -2*o - m + 37. Calculate the greatest common divisor of o and 21.
21
Suppose -22*k + 1352 = -14*k. What is the greatest common factor of k and 13?
13
Let z(w) = w**2 - 11*w - 26. Let m be z(13). Let h be 17 + 146 + (0 - m) + 1. What is the greatest common divisor of 41 and h?
41
Let d(n) = -30*n + 4. Let u be (-30)/(-20)*2/(-3). Let r be d(u). What is the highest common divisor of 34 and r?
34
Suppose -4*h = w + 4, -h - h - 8 = 0. Let x(q) = 5*q**2 - 34*q + 105. Let g be x(3). What is the highest common divisor of w and g?
12
Suppose -39*z + 14*z = -200. What is the highest common divisor of z and 64?
8
Let o(j) be the third derivative of -j**4/4 + 5*j**3/3 - 11*j**2. Let q be o(-7). Calculate the greatest common divisor of q and 13.
13
Let v = 180 - 19. What is the highest common divisor of 35 and v?
7
Suppose 4*t - 2*w - 28 = 0, w + w - 8 = -2*t. Suppose 2*g = 0, t = -a - 5*g - 3. Let x = -7 - a. Calculate the highest common divisor of x and 4.
2
Suppose 2*s + s = w + 60, -w + 4*s - 64 = 0. Let i = w + 50. What is the greatest common factor of i and 2?
2
Suppose 0 = 5*y + 1 - 21. Suppose -2*d = y*a - 0*d - 60, -3*a + 4*d = -23. Let r = 823 + -810. What is the greatest common divisor of r and a?
13
Let z(o) = 6*o + 89. Let m be z(-11). Calculate the greatest common factor of m and 23.
23
Let b be (-2 - -3) + 2*13. Suppose -16*y + 2288 = -5*y. Let f = y + -100. Calculate the highest common divisor of f and b.
27
Let l(a) = a + 9. Let z be 10/105*7 + (-4)/6. Let j be l(z). What is the greatest common factor of 27 and j?
9
Let k(p) = -p**3 + 24*p**2 - 44*p + 14. Let m be k(22). Calculate the highest common divisor of m and 175.
7
Let n(g) = 2*g**2 - 64*g + 7. Let y be n(34). What is the greatest common factor of 77 and y?
11
Let g = 545 + -200. Calculate the greatest common divisor of 195 and g.
15
Let m be (130/(-39))/((-2)/33). Calculate the greatest common factor of 22 and m.
11
Suppose -588 = 5*h + 632. Let q = -82 - h. What is the greatest common divisor of q and 18?
18
Let b be (1/3)/((-11)/(-33)). Calculate the greatest common factor of 8 and b.
1
Let q = -5 + 1. Let o = -5 - q. Let a be (21 + o)*(0 - -1). Calculate the greatest common factor of 30 and a.
10
Suppose -7 = -3*r - 0*s + s, -5*r - 5*s - 15 = 0. Let g be r + (-2 - (-6)/3). What is the greatest common divisor of 1 and g?
1
Let k = 35 - 35. Suppose 3*y + 0*y + 9 = k. Let n(o) = 2*o**2 + 2*o + 1. Let t be n(y). Calculate the highest common divisor of 91 and t.
13
Suppose -2*d + 421 = -309. Calculate the highest common factor of d and 219.
73
Suppose 2*n - 2*o - 3 = n, -n - 3*o + 23 = 0. Suppose 3*y + 74 - 140 = 0. What is the greatest common divisor of y and n?
11
Let f(b) = -2*b - 12. Let s be f(-6